.
-14
Let i(o) = -127*o**2 + 1020*o - 30. Determine i(8).
2
Let f(i) = 2*i**2 + 7*i - 544. Give f(15).
11
Let f(m) = -11*m**2 - 247*m + 32. Determine f(-20).
572
Let l(v) = -10*v**2 + 18*v + 11. Give l(-3).
-133
Let s(g) = -5*g - 700. Give s(-139).
-5
Let l(o) = -18*o**2 + 2735*o + 158. Determine l(152).
6
Let h(p) = p**3 - 8*p**2 - 104*p - 5. What is h(-7)?
-12
Let m(b) = b**3 - 2*b**2 - 29*b - 2. Calculate m(0).
-2
Let i(p) = 133*p - 1316. Determine i(10).
14
Let a(k) = 2*k**3 - 12*k**2 - 30*k - 255. Determine a(9).
-39
Let f(s) = -s**2 + 155*s - 5899. What is f(67)?
-3
Let o(k) = -k**2 + 410*k - 3987. Give o(10).
13
Let d(b) = 2*b**3 + 59*b**2 - 42*b - 85. Determine d(-30).
275
Let u(y) = -y**3 + 168*y**2 - 659*y + 512. Calculate u(164).
20
Let v(z) = -2*z**3 + 84*z**2 + 2990*z + 10. Give v(65).
10
Let q(d) = 210*d + 2949. Give q(-14).
9
Let g(c) = 37*c**3 - 38*c**2 + c. Determine g(1).
0
Let l(n) = -n**3 - 6*n**2 + 171*n + 1256. Calculate l(-7).
108
Let k(j) = -5*j - 141. What is k(-9)?
-96
Let t(m) = 24*m + 460. Give t(-19).
4
Let i(z) = -2*z**3 - 54*z**2 - 6*z - 13. Determine i(-27).
149
Let m(b) = -166*b + 4649. Determine m(28).
1
Let j(k) = -22*k - 195. Give j(-9).
3
Let a(o) = -142*o + 1082. Calculate a(8).
-54
Let m(h) = -19*h**2 - 122*h - 37. What is m(-6)?
11
Let p(r) = 14*r**2 + 114*r - 28. Give p(-9).
80
Let o(z) = 66*z**2 - 287*z + 85. What is o(4)?
-7
Let b(q) = -59*q - 3295. What is b(-56)?
9
Let z(a) = 6*a + 177. Calculate z(-36).
-39
Let b(s) = -s**3 + 10*s**2 - 2*s + 30. Calculate b(10).
10
Let h(j) = -37*j + 55. Calculate h(4).
-93
Let b(m) = m**3 + 273*m**2 + 299*m + 7335. What is b(-272)?
-9
Let l(n) = -n**3 + 49*n**2 - n + 11. Calculate l(49).
-38
Let g(w) = -13*w**3 - w**2 + 28*w + 61. Calculate g(-2).
105
Let u(b) = -2*b**2 - 8978*b - 143127. Calculate u(-16).
9
Let k(a) = 2*a**3 - 33*a**2 + 8*a + 37. Give k(16).
-91
Let f(c) = -22*c**2 + 8*c - 2. Give f(6).
-746
Let k(f) = f**3 - 21*f**2 - 98*f - 40. Determine k(25).
10
Let a(j) = -603*j + 88031. Determine a(146).
-7
Let p(o) = 513*o + 11805. Determine p(-23).
6
Let z(o) = o**3 - 14*o**2 + 108*o - 204. Determine z(3).
21
Let s(t) = 63*t + 637. Give s(-17).
-434
Let v(t) = -t**3 + 14*t**2 + 244*t + 5. Give v(-10).
-35
Let i(c) = 21*c**2 - 385*c - 774. Calculate i(-2).
80
Let i(l) = -3*l - 197. Determine i(-89).
70
Let f(d) = d**3 - 35*d**2 - 88*d + 520. Determine f(37).
2
Let r(p) = 3*p**2 - 23*p + 25. Give r(6).
-5
Let b(f) = -2*f**3 + 152*f**2 - 156*f + 217. Calculate b(75).
-233
Let r(t) = 3*t**2 - 12*t + 2. Determine r(6).
38
Let j(q) = -q**3 - 19*q**2 + 81*q + 959. Determine j(-6).
5
Let v(o) = -o**2 - 745*o + 13720. Calculate v(18).
-14
Let h(d) = -d**3 - 34*d**2 + 41*d + 1395. Give h(-34).
1
Let q(r) = -163*r + 66. Calculate q(-2).
392
Let i(w) = 7*w**2 + 352*w + 117. Give i(-50).
17
Let t(x) = x**3 + x**2 - 5*x - 218. What is t(0)?
-218
Let j(r) = 73*r - 1747. Calculate j(24).
5
Let w(t) = 19*t + 793. Calculate w(-38).
71
Let u(f) = -61*f**2 + 8*f - 9. What is u(2)?
-237
Let i(h) = h**3 + 23*h**2 + 29*h + 22. Give i(-22).
-132
Let h(a) = -205*a + 32192. Calculate h(157).
7
Let y(s) = -3*s**2 + 22*s - 33. Give y(6).
-9
Let a(t) = -11*t**3 + 84*t**2 - 89*t + 6. Calculate a(1).
-10
Let i(o) = 198*o - 3970. Determine i(20).
-10
Let p(x) = -x**3 + 2*x**2 + 97*x + 29. Give p(-9).
47
Let r(w) = -216*w + 704. What is r(4)?
-160
Let g(u) = 3*u**3 - 4*u**2 - 6*u + 17. Give g(3).
44
Let z(f) = 3*f**3 + 26*f**2 - 39*f - 19. Calculate z(-10).
-29
Let s(k) = 2*k**3 - 25*k**2 + 8*k + 12. Give s(12).
-36
Let w(g) = -148*g + 1184. Determine w(8).
0
Let f(i) = 282*i + 569. Calculate f(-2).
5
Let h(g) = 72*g - 368. What is h(5)?
-8
Let g(f) = -4*f**2 + 202*f - 2340. Determine g(34).
-96
Let j(g) = -6*g**3 + 26*g**2 - 3*g + 3. What is j(5)?
-112
Let d(r) = -1238*r - 18582. Determine d(-15).
-12
Let s(c) = -c**3 - 19*c**2 + 16*c - 83. Determine s(-20).
-3
Let g(h) = -87*h + 9169. Calculate g(104).
121
Let u(c) = -c**2 - 30*c + 1568. Give u(-58).
-56
Let z(a) = -a**3 + 26*a**2 - 49*a - 27. What is z(24)?
-51
Let m(w) = -w**3 + 16*w**2 - 29*w - 44. Calculate m(14).
-58
Let m(u) = 516*u - 11403. Determine m(22).
-51
Let d(s) = s**2 - 1671*s + 9993. What is d(6)?
3
Let l(m) = 29*m**2 + 14*m - 34. Calculate l(3).
269
Let v(l) = -35*l + 1635. Determine v(47).
-10
Let t(q) = 4*q**2 + 56*q + 6. What is t(-14)?
6
Let v(t) = t**3 + 61*t**2 - 117*t - 130. Give v(-63).
-697
Let s(j) = -j**2 + 15*j. Determine s(16).
-16
Let j(a) = 54*a**2 - 3735*a + 618. What is j(69)?
-3
Let n(x) = -2*x**3 - 38*x**2 + 53*x + 257. Give n(-20).
-3
Let c(o) = 7*o - 51. Calculate c(2).
-37
Let i(b) = b**3 + 12*b**2 + 25*b - 1. Give i(-3).
5
Let j(w) = 13*w + 258. Determine j(-19).
11
Let j(r) = 177*r**2 + 9*r + 2. Determine j(1).
188
Let s(v) = 16*v + 223. What is s(-20)?
-97
Let r(p) = -1503*p + 20998. Calculate r(14).
-44
Let s(f) = -f**2 + 116*f - 1794. Determine s(20).
126
Let a(g) = -g - 146. What is a(-10)?
-136
Let v(z) = 2*z**2 + 34*z - 130. Determine v(3).
-10
Let l(f) = 9159*f - 36632. Give l(4).
4
Let m(r) = 39*r + 297. Determine m(-19).
-444
Let i(o) = o**3 + 19*o**2 + 81*o + 320. What is i(-15)?
5
Let c(t) = -t**2 + 7*t - 51. Determine c(13).
-129
Let v(h) = 35*h**3 - 385*h**2 + 8*h - 90. Calculate v(11).
-2
Let t(j) = 208*j - 3722. Determine t(18).
22
Let c(l) = -29*l - 1978. Determine c(-60).
-238
Let z(p) = -14*p**2 - 1073*p + 381. Calculate z(-77).
-4
Let s(n) = -n**2 + 47*n - 254. What is s(32)?
226
Let f(q) = 78*q - 2885. Determine f(37).
1
Let w(f) = f**3 - 83*f**2 - 222*f - 3099. Give w(86).
-3
Let z(m) = m**2 + 2*m + 22. Give z(-4).
30
Let c(j) = j**3 - 26*j**2 + 10*j - 256. Calculate c(26).
4
Let i(u) = 10*u**2 + 85*u + 470. Give i(-6).
320
Let d(z) = -2*z**2 + 140*z + 1984. Determine d(82).
16
Let v(u) = u**2 + 20*u - 671. Determine v(21).
190
Let p(t) = -107*t**3 - 3*t**2 + 16*t - 14. Determine p(1).
-108
Let f(m) = 89*m + 7638. Calculate f(-86).
-16
Let m(s) = 3*s**2 - 4*s - 138. Give m(-7).
37
Let b(s) = -3*s**2 + 51*s - 143. Calculate b(14).
-17
Let f(o) = -775*o + 3877. Determine f(5).
2
Let u(g) = g**2 + 21*g - 46. Calculate u(8).
186
Let c(d) = -198*d - 2621. What is c(-13)?
-47
Let j(a) = -14*a**2 - 340*a - 1347. Determine j(-5).
3
Let s(v) = 3*v + 26. Determine s(7).
47
Let b(k) = -8*k**2 + 1783*k - 1558. Give b(222).
-4
Let s(b) = b**2 - 162*b + 616. Calculate s(4).
-16
Let w(b) = -58*b**2 + 1043*b - 11. Give w(18).
-29
Let o(n) = -n**2 - 6*n + 19. Calculate o(-5).
24
Let l(s) = 3*s**2 + 63*s - 13. Determine l(-17).
-217
Let f(v) = 15*v**2 + 128*v + 317. Determine f(-5).
52
Let o(s) = 133*s - 22. What is o(-1)?
-155
Let h(l) = 261*l + 1710. Calculate h(-9).
-639
Let g(v) = 26*v**2 + 121*v + 254. What is g(-2)?
116
Let j(x) = x**3 + 11*x**2 - 80*x + 29. Determine j(-16).
29
Let z(w) = -w**2 + 18*w + 1654. What is z(51)?
-29
Let t(u) = -106*u + 2618. Calculate t(25).
-32
Let i(t) = -t**3 + 29*t**2 - 77*t - 68. Calculate i(26).
-42
Let l(b) = -b**3 - 15*b**2 - 39*b + 115. Calculate l(-10).
5
Let j(v) = -2*v**3 - 13*v**2 - 29*v - 72. Give j(-5).
-2
Let n(w) = 310*w - 1246. Calculate n(4).
-6
Let v(w) = -364*w + 1095. What is v(3)?
3
Let t(g) = -9*g + 130. Calculate t(20).
-50
Let f(g) = 75*g + 1270. Determine f(-23).
-455
Let s(b) = 56*b - 33. Give s(-5).
-313
Let y(q) = -q**2 - 34*q - 277. Calculate y(-15).
8
Let o(n) = -n**2 + n - 25. Determine o(-7).
-81
Let x(g) = 3*g**2 + 454*g + 2622. Give x(-6).
6
Let j(m) = 221*m - 8811. Give j(40).
29
Let i(g) = g**3 + 27*g**2 + g + 92. Determine i(-27).
65
Let m(c) = c**3 - 36*c**2 - 5*c + 184. What is m(36)?
4
Let x(f) = -18*f**2 - 59*f - 38. Calculate x(-2).
8
Let v(m) = m**2 + 4*m + 33. Determine v(-8).
65
Let r(a) = -3841*a + 26867. Give r(7).
-20
Let s(f) = -216*f - 4310. Calculate s(-20).
10
Let a(z) = z**3 + 5*z**2 - 44*z - 189. What is a(-4)?
3
Let p(g) = 2*g**2 + 13*g - 527. Give p(13).
-20
Let j(y) = -49*y + 24. Calculate j(8).
-368
Let b(p) = 10*p**2 - 96*p - 112. Determine b(-1).
-6
Let b(s) = -43*s + 275. What is b(16)?
-413
Let l(h) = 2*h**2 - 38*h - 2. What is l(19)?
-2
Let f(v) = -v**3 + 29*v**2 - 23*v - 206. What is f(28)?
-66
Let x(i) = -3*i**2 - 27*i + 63. Calculate x(-12).
-45
Let i(t) = -2*t**3 + 251*t**2 + 512*t +